?
36
What is the highest common factor of 294 and 92610?
294
Calculate the greatest common divisor of 48 and 586632.
24
Calculate the greatest common divisor of 44345 and 36995.
245
Calculate the greatest common divisor of 10203 and 26961.
57
What is the highest common divisor of 515 and 22042?
103
Calculate the greatest common divisor of 5377 and 3113.
283
What is the highest common divisor of 770 and 1563100?
770
What is the greatest common divisor of 212 and 1324?
4
What is the highest common factor of 2605764 and 268?
268
What is the greatest common factor of 18 and 197226?
18
What is the greatest common factor of 436 and 118156?
436
What is the highest common divisor of 1679650 and 75?
25
What is the highest common divisor of 2238 and 8142?
6
Calculate the highest common factor of 563 and 33217.
563
What is the greatest common divisor of 159902 and 102?
34
What is the greatest common factor of 8237965 and 1685?
1685
What is the highest common factor of 661999 and 13?
13
Calculate the highest common factor of 184 and 451927.
23
What is the greatest common factor of 4644 and 261?
9
Calculate the highest common factor of 41 and 3719110.
41
What is the highest common factor of 1910 and 280?
10
What is the greatest common factor of 378 and 4718574?
378
What is the highest common divisor of 505835 and 680?
85
What is the highest common divisor of 749 and 721?
7
Calculate the greatest common factor of 39358 and 143.
11
What is the highest common divisor of 439 and 241?
1
What is the greatest common factor of 1275 and 106675?
425
What is the highest common divisor of 744 and 806?
62
Calculate the highest common factor of 30848 and 2560.
128
What is the highest common factor of 66858 and 473?
11
Calculate the highest common divisor of 7774 and 506.
46
What is the greatest common divisor of 2744 and 64?
8
What is the greatest common divisor of 1412 and 1444?
4
What is the greatest common divisor of 10288 and 144?
16
Calculate the highest common factor of 1431 and 2685510.
477
What is the highest common divisor of 315393 and 39?
39
What is the highest common factor of 489 and 602611?
163
Calculate the greatest common factor of 112114 and 116.
58
What is the greatest common factor of 380406 and 52?
26
What is the highest common factor of 458 and 334?
2
What is the highest common divisor of 74 and 4068927?
37
What is the highest common factor of 4 and 37508?
4
Calculate the highest common divisor of 254538 and 342.
18
Calculate the greatest common factor of 63 and 1008.
63
Calculate the greatest common divisor of 315 and 207410.
35
Calculate the greatest common factor of 140408 and 8.
8
Calculate the highest common divisor of 555224 and 8.
8
Calculate the highest common divisor of 230 and 130318.
46
Calculate the greatest common factor of 122255 and 245.
245
What is the greatest common divisor of 32640 and 416?
32
Calculate the greatest common factor of 7808 and 244.
244
What is the highest common factor of 116 and 112114?
58
Calculate the greatest common factor of 484 and 4994.
22
What is the greatest common divisor of 45078 and 1650?
66
What is the greatest common divisor of 320 and 20896?
32
What is the highest common factor of 14906 and 319?
29
Calculate the greatest common factor of 250631 and 782.
391
Calculate the greatest common divisor of 138 and 489210.
138
What is the highest common divisor of 132678 and 3458?
182
Calculate the greatest common divisor of 37434 and 612.
102
What is the greatest common divisor of 1739 and 1591?
37
What is the greatest common divisor of 18600 and 1050?
150
What is the highest common factor of 441471 and 564?
141
What is the greatest common factor of 15 and 2705?
5
Calculate the greatest common factor of 285 and 40280.
95
Calculate the highest common factor of 166 and 9920077.
83
What is the highest common factor of 6357 and 9943?
163
What is the greatest common factor of 1655 and 96321?
331
What is the highest common factor of 570 and 1155960?
570
Calculate the greatest common factor of 3219 and 64528.
37
Calculate the greatest common factor of 3669 and 2870381.
1223
Calculate the highest common factor of 851 and 86247.
37
Calculate the greatest common divisor of 1548 and 24.
12
Calculate the greatest common divisor of 154 and 50246.
14
What is the highest common divisor of 4331125 and 125?
125
What is the greatest common factor of 864 and 666?
18
Calculate the highest common factor of 282318 and 30384.
1266
Calculate the greatest common factor of 3480 and 27240.
120
Calculate the highest common factor of 558 and 49941.
279
Calculate the greatest common factor of 4543 and 231.
77
Calculate the greatest common divisor of 36 and 11133.
9
Calculate the greatest common factor of 72 and 102099.
3
Calculate the highest common divisor of 39165 and 17010.
105
Calculate the highest common factor of 260397 and 477.
9
What is the highest common divisor of 158547 and 2091?
123
Calculate the greatest common factor of 7091783 and 47.
47
Calculate the greatest common factor of 360789 and 429.
429
What is the highest common divisor of 54 and 2020842?
54
Calculate the greatest common divisor of 6500 and 628420.
260
Calculate the greatest common divisor of 5950 and 15232.
238
What is the greatest common divisor of 624 and 445848?
312
What is the greatest common divisor of 152586 and 4498?
346
Calculate the highest common factor of 65 and 696839.
13
Calculate the highest common factor of 19964 and 620.
124
What is the greatest common divisor of 13 and 740233?
13
What is the greatest common divisor of 442 and 2284477?
221
Calculate the highest common factor of 76 and 66614.
38
Calculate the highest common factor of 67096 and 8.
8
What is the highest common factor of 14272235 and 5?
5
What is the highest common factor of 23 and 45126?
23
What is the highest common factor of 2748 and 48?
12
Calculate the greatest common divisor of 145380 and 6.
6
Calculate the highest common factor of 178 and 3789264.
178
Calculate the greatest common divisor of 435 and 341535.
15
What is the greatest common divisor of 32936 and 368?
184
Calculate the highest common factor of 631593 and 2.
1
What is the highest common factor of 36399 and 1650?
33
What is the greatest common factor of 50 and 3298850?
50
Calculate the highest common divisor of 1204 and 35217.
301
Calculate the highest common factor of 15 and 1930155.
15
What is the highest common divisor of 30525 and 660?
165
What is the highest common divisor of 42037 and 1397?
127
What is the greatest common factor of 578 and 145537?
17
What is the highest common factor of 23140 and 200?
20
Calculate the greatest common factor of 292500 and 936.
468
What is the highest common factor of 33 and 385?
11
Calculate the highest common divisor of 81 and 177.
3
What is the highest common factor of 1891 and 1426?
31
What is the highest common factor of 107311 and 449?
449
What is the highest common divisor of 330 and 244002?
66
Calculate the highest common factor of 196 and 1127.
49
What is the highest common factor of 19614 and 42?
42
Calculate the highest common divisor of 11453 and 205273.
881
Calculate the greatest common factor of 1298 and 3776.
118
What is the greatest common divisor of 1985 and 40?
5
Calculate the highest common factor of 174 and 55941.
87
Calculate the highest common factor of 411156 and 282.
282
Calculate the highest common divisor of 1480 and 3145.
185
Calculate the greatest common factor of 10346 and 42.
14
Calculate the greatest common factor of 4199 and 85.
17
Calculate the greatest common divisor of 65 and 2285.
5
Calculate the greatest common divisor of 66 and 2082.
6
Calculate the greatest common factor of 19521 and 81.
81
What is the highest common divisor of 11080 and 109138?
554
What is the highest common factor of 145 and 52810?
5
What is the greatest common factor of 51 and 1191?
3
What is the greatest common divisor of 31 and 52111?
31
What is the highest common factor of 4 and 366614?
2
What is the greatest common divisor of 6 and 184542?
6
Calculate the highest common divisor of 1106322 and 21.
21
Calculate the highest common divisor of 25612 and 18848.
76
Calculate the highest common factor of 1070 and 270.
10
Calculate the highest common divisor of 30272 and 3